he units digit of x?
8
Let y(k) = -5*k + 1. Suppose s - 12 = -4*d - s, -4*d + s = -12. Suppose -7*j = -d*j + 20, -5*z + j = 5. What is the tens digit of y(z)?
1
Suppose f - 3*m - 15 = -0*f, -2 = -2*f - m. Suppose f*d - 2*p - 22 = 0, 26 = d + 3*p + p. Let w = 18 - d. What is the units digit of w?
8
Let u = -137 - -244. What is the hundreds digit of u?
1
Let m(j) = -j**2 + 7*j - 1. Let i = -3 + 8. What is the units digit of m(i)?
9
Let y = -35 + 55. Suppose t + m + y = 4*t, -3*m = -3*t + 18. What is the units digit of t?
7
Let k = 8 - 1. Suppose 5*s + 15 = 0, -3*x - 3*s - k + 1 = 0. Let b(i) = 6*i**2 - 1. What is the units digit of b(x)?
5
Let c(t) = t**3 - t**2 + t. Let h be c(1). What is the tens digit of 35 + h/(2/(-6))?
3
Suppose -35 = -2*u - 2*u + h, 4*h + 32 = 4*u. Let w = 92 - 74. Let m = w - u. What is the units digit of m?
9
Suppose 0 = 5*w - 24 - 41. Suppose 2*l - 7 = w. What is the units digit of l?
0
Let u(r) = -r**3 + 5*r**2 + 2. Let w be u(4). Let s = 31 - w. What is the units digit of s?
3
Let t(r) = -r - 4. Let b(o) = -o**3 - 7*o**2 + o + 1. Let u(n) = -n**3 - 6*n**2. Let z(f) = 2*b(f) - 3*u(f). Let j be z(-4). What is the units digit of t(j)?
2
Suppose 2*g - 2*w - w = 62, 4*g - 136 = 3*w. Suppose -2*x - g = -3*x. What is the units digit of x?
7
Let c(d) = d**3 + 6*d**2 - 3*d + 7. Let y be c(-6). Suppose -3*l - y = -79. What is the units digit of l?
8
Let j = -4 - -11. Suppose -95 = -4*x - 5*p, j*x - 69 = 4*x - 3*p. What is the units digit of x?
0
Let h = -16 - 5. Let w(m) = -m**2 + 12*m + 4. Let t be w(9). Let k = t + h. What is the units digit of k?
0
Let q(h) = h**2 - 4*h - 58. What is the units digit of q(-14)?
4
Suppose -2*o - 2 + 34 = 0. Suppose -56 = -4*q + o. What is the units digit of q?
8
Let f = -95 - -205. What is the hundreds digit of f?
1
What is the units digit of ((-108)/(-4))/(3 - 2 - 0)?
7
What is the units digit of 4/(-14) - (-951)/21?
5
Let i = 8 + -4. Suppose -i*a + 7 = -13. What is the units digit of a?
5
Let u be (-6)/(-33) - 192/(-33). Suppose -c - 43 = -3*s, -2*s + u = c + 4*c. What is the tens digit of s?
1
Suppose 6*x - 4*g - 100 = 2*x, 4*x = 2*g + 100. Let i = x - 9. What is the tens digit of i?
1
Suppose -6*t = -3*t - 18. Let d(u) be the second derivative of u**3/3 - 2*u**2 - u. What is the units digit of d(t)?
8
Let z(g) = g**2 + 6*g + 4. Let q = 10 + -16. Let x be z(q). Suppose 4*w + 0*w = 4*t - 48, x*w = -4*t + 32. What is the tens digit of t?
1
Let i(v) = v - 12. Let o be (-8)/(-20) - 44/10. Let x(g) = -g + 11. Let j(b) = o*i(b) - 3*x(b). What is the units digit of j(9)?
6
Let q(z) = 2*z**3 - 21*z**2 + z - 20. What is the tens digit of q(11)?
1
Let t(r) = 2*r**3 + r. Let i be t(1). Let m(s) = -s**i - 2 + 0*s**2 + 2*s**3 + 6*s - 5*s**2. What is the units digit of m(4)?
6
Suppose -3*m - 15 = 0, -5*m = -3*v + v + 73. What is the tens digit of v?
2
Suppose 5*k - 3*g - 2 = 5, -2*g + 2 = 0. Let b = 4 - k. Suppose 0 = b*h + 2*h - 28. What is the units digit of h?
7
Let w(n) = -n**3 - n**2 - n - 1. Let q(d) = 5*d**3 + 8*d**2 + 1. Let l(p) = -q(p) - 4*w(p). Suppose 0 = -5*v + 1 - 26. What is the units digit of l(v)?
8
Suppose -4*u = -5*m + 2 + 19, m = 3*u + 13. What is the tens digit of 10/u*312/(-60)?
1
Let i(z) = z - 9. Let t be i(11). Suppose 5*h + 14 = -6, -5*x - t*h = -32. What is the units digit of x?
8
Let n = -9 - -10. Let s be (2 + (-2)/n)/(-2). Suppose -4*q + 3*q + 18 = s. What is the tens digit of q?
1
Let b(y) = -46*y - 1. What is the units digit of b(-1)?
5
Suppose -18 = 4*z - 2. Let q(r) = -r**3 + 11*r**2 - 9*r - 2. Let n be q(10). Let j = n + z. What is the units digit of j?
4
Let u = 2 + 3. What is the units digit of u?
5
Let u(w) = 30*w + 9. Let f(h) = 6*h + 2. Let v(p) = -11*f(p) + 2*u(p). What is the units digit of v(-3)?
4
Let m(c) = -2*c**2 + 20*c - 8*c + c**2. What is the tens digit of m(7)?
3
Let y(c) = -2*c**2 + 2*c - 3. Let k(o) = 5*o**2 - 3*o + 5. Let v(g) = -3*k(g) - 7*y(g). What is the units digit of v(-5)?
6
Let x(m) = -3*m**2 + 3*m - 3. Let t be x(-4). Let w = -38 - t. Suppose 0 = -5*b - w, 2*b = 8*i - 3*i - 75. What is the tens digit of i?
1
Let w(r) be the first derivative of r**2/2 + 25*r + 2. What is the units digit of w(-15)?
0
Suppose 3*t = c + 1, -4 = -3*c + 4*t + 8. What is the units digit of c?
8
Suppose w - 2 = 1. Suppose 0 = 6*n - n - 30. Suppose 4*i - n = w*i. What is the units digit of i?
6
Let c be ((-10)/(-8) + -2)*-12. Suppose -n + c = h, 7*n = 5*h + 3*n - 36. What is the units digit of h?
8
Suppose -706 = -2*f - 2*f + x, 0 = f + 3*x - 170. What is the tens digit of f?
7
Let u be -2 - (-3 + 4/(-2)). Suppose 0 = -u*c + 1 + 8. What is the units digit of (c - 1) + 1/(-1)?
1
Suppose -3*t = 2*f - 28, -5*f + 2*f + 36 = 4*t. What is the tens digit of -5*(9/3 - t)?
4
Let a(n) = 2*n**2 - 3*n - n**2 - 2 + 4*n**2 + 2*n + n**3. Let h be a(-5). Let o = 4 - h. What is the units digit of o?
1
Let v be (-4)/14 - (-456)/(-21). What is the units digit of (-4)/v + (-150)/(-22)?
7
Let o = 4 - 15. Let q be 2/o - 48/(-22). Suppose 0*h - q*h = -16. What is the units digit of h?
8
Let y be (-1)/(-1)*(-3 + 8). Let u = y - -7. What is the tens digit of u?
1
Suppose 2*t = -t + 258. Suppose i - t = 22. What is the units digit of ((-1)/3)/((-4)/i)?
9
Let w(u) = 2*u - 2. Let s be w(6). Suppose 5*n = -0*n + s. What is the units digit of n?
2
Suppose 142*f = 145*f - 297. What is the tens digit of f?
9
Let f be (-20697)/33 - 4/(-22). Let z be f/27 - 6/(-27). Let s = 33 + z. What is the units digit of s?
0
What is the tens digit of 180/3 - (-3 - -2)*3?
6
Let b(k) = 10*k. Let d = 7 - 6. What is the units digit of b(d)?
0
Suppose 0 = -6*s - 0*s + 480. What is the tens digit of s?
8
Let o = 7 - 11. Let q = o + 8. Suppose 0 = -4*c + q. What is the units digit of c?
1
Let p(q) = -8*q - 10. What is the units digit of p(-8)?
4
Let p(s) = s + 7. Let j be p(-4). Suppose -44 = -j*t + 61. What is the units digit of t?
5
Let w(k) = -3 - 3*k + k**2 - 3 + 0*k. Let d be 10/4*(-60)/(-25). What is the units digit of w(d)?
2
Let i(j) be the first derivative of j**3/3 + 7*j**2/2 - j - 2. Suppose -f = -0*f + 2*z, -12 = 4*f + 5*z. What is the units digit of i(f)?
7
Suppose -10*i = -0*i + 20. Let q = -3 - -12. What is the units digit of (-6)/(q/i + 3)?
4
Let o(i) = -2 + i**2 + 1 - 1. What is the units digit of o(-3)?
7
Let n be (-1)/3 - (-10)/3. Suppose 2*x + 2*x - 52 = -4*j, -4*x = -n*j - 59. Suppose f + f = x. What is the units digit of f?
7
Let u(i) be the second derivative of i**3/2 - 5*i**2/2 + i. Let q = 4 - -1. What is the tens digit of u(q)?
1
Let s be (-6)/(-21) - (-4)/(-14). Let c be 4 - (0 + 2 + s). Suppose 0 = c*i - i - 3*f - 5, 2*i - 16 = 3*f. What is the tens digit of i?
1
Let x(z) = z**3 - 6*z**2 + 2*z - 8. Let c be x(6). Let s = c + -5. What is the units digit of (-1)/s + (6 - 3)?
4
Suppose -2*v + 7 = -5*i - 7, -4*i - 10 = -v. Suppose 0 = -5*c + 26 - 11. Let x = v + c. What is the units digit of x?
5
Suppose -4*z + 392 = 4*w, -5*z + w - 4*w = -492. What is the tens digit of z?
9
Suppose f = 3*k - 24, -5*k + 0*k - 4*f + 40 = 0. Suppose 32 = 4*t - k. What is the units digit of t?
0
Let u = 6 - 4. Let t be (2 + 4)*u/4. Suppose t*x + 2 = 4*x. What is the units digit of x?
2
Let z = 8 + 4. What is the tens digit of z?
1
Suppose -9*u + 883 + 1619 = 0. What is the units digit of u?
8
Suppose -3*o = -0*o + 81. Let u = 39 + 6. Let n = u + o. What is the tens digit of n?
1
Let s(r) = -30*r**3 + 0*r**2 - 14*r + 5*r**2 + 6*r. Let g(l) = -20*l**3 + 3*l**2 - 5*l. Let x(j) = 8*g(j) - 5*s(j). What is the units digit of x(-1)?
9
Let z(j) = j**3 + 2*j**2 - 6*j + 6. What is the units digit of z(4)?
8
Let u(s) = -3*s + 31. What is the tens digit of u(-8)?
5
Let l be -1*(-2)/(-4 - -2). What is the units digit of ((-2)/(-3) + l)*-6?
2
Let a(r) = 2*r**3 - 6*r**2 + 3*r - 6. What is the units digit of a(4)?
8
Let g = 1 - -1. What is the units digit of 10 - 0/(6/g)?
0
Let m(a) = -a**2 + 2. Let w be m(0). Let d(f) = f**3 - 5*f**2 + 4*f - 2. Let n be d(w). Let k = -1 - n. What is the units digit of k?
5
Suppose -3*a = -6 + 3. Let o be a + (1 + 0)*31. What is the units digit of 6/(-21) - o/(-14)?
2
Suppose -3*a = 123 - 297. What is the tens digit of a?
5
Let y(r) = -r + 11. What is the units digit of y(8)?
3
Let l(u) = u - 